actor of 26855 and 106765.
655
Calculate the highest common divisor of 5942656 and 319872.
2176
Calculate the greatest common divisor of 512691 and 1216443.
213
What is the highest common divisor of 195418 and 40753?
491
Calculate the highest common divisor of 8880 and 1962850.
370
Calculate the greatest common factor of 270 and 200032110.
90
Calculate the greatest common factor of 408 and 585499448.
136
Calculate the highest common factor of 12836772 and 4914.
702
What is the highest common divisor of 56 and 249512?
8
What is the greatest common factor of 25497 and 56142?
9
What is the highest common factor of 8092 and 987802?
578
Calculate the greatest common divisor of 57 and 1474623.
3
Calculate the highest common factor of 378126584 and 88.
88
Calculate the greatest common divisor of 15 and 1417467.
3
Calculate the greatest common divisor of 10 and 20319370.
10
What is the highest common factor of 1080 and 3595590?
270
What is the highest common divisor of 78 and 155259429?
39
Calculate the greatest common divisor of 1777080 and 13920.
120
Calculate the greatest common factor of 115785 and 202740.
465
What is the highest common factor of 980727253 and 31?
31
Calculate the highest common divisor of 107705 and 1607840.
65
What is the highest common divisor of 207 and 2960739?
9
Calculate the greatest common divisor of 9234 and 1756322.
38
What is the highest common factor of 732269 and 241258?
1699
What is the greatest common divisor of 1794810 and 2175?
435
What is the highest common divisor of 553374834 and 2164?
1082
What is the greatest common divisor of 144 and 1706384?
16
What is the greatest common factor of 4982642 and 5180?
518
Calculate the greatest common factor of 19 and 148655012.
19
Calculate the greatest common factor of 2192 and 887881656.
1096
Calculate the greatest common factor of 1093190 and 7595.
245
What is the greatest common divisor of 229751430 and 510?
510
Calculate the highest common factor of 225 and 657155775.
75
Calculate the highest common factor of 4417920 and 11760.
240
What is the highest common divisor of 2288 and 905558368?
2288
Calculate the highest common divisor of 90265 and 30835.
35
Calculate the highest common factor of 43836 and 16640.
52
Calculate the highest common factor of 871 and 4945069.
67
What is the greatest common factor of 21 and 26590914?
21
Calculate the greatest common divisor of 4812975959 and 11.
11
Calculate the greatest common factor of 2059331411 and 7321.
7321
What is the greatest common divisor of 3550 and 1608008?
142
Calculate the greatest common factor of 65 and 54376283.
13
Calculate the highest common factor of 603722 and 4234.
58
What is the greatest common factor of 118 and 37906202?
118
Calculate the highest common factor of 5096 and 9372181.
637
Calculate the greatest common factor of 5004 and 29742247.
139
Calculate the highest common divisor of 1004 and 13393109.
251
Calculate the greatest common factor of 100697450 and 980.
490
Calculate the greatest common factor of 33 and 827005443.
33
Calculate the highest common divisor of 142228586 and 118.
118
Calculate the greatest common divisor of 1932 and 30864528.
276
What is the greatest common factor of 281 and 9808024?
281
What is the greatest common divisor of 1436 and 3370651?
359
What is the highest common divisor of 32942 and 897442?
182
What is the greatest common factor of 920051 and 88?
11
Calculate the highest common divisor of 544 and 15417232.
272
What is the highest common factor of 12545450 and 2490?
830
Calculate the greatest common divisor of 3956 and 676177.
23
Calculate the greatest common factor of 32402 and 575612.
1906
Calculate the highest common factor of 2766698 and 23584.
1474
What is the greatest common divisor of 65473 and 73628?
233
What is the highest common factor of 48 and 40274184?
24
Calculate the highest common factor of 406020 and 6602850.
2010
Calculate the highest common divisor of 2878 and 66504824.
2878
Calculate the highest common factor of 72625217 and 2198.
1099
Calculate the greatest common factor of 275012 and 14716.
4
Calculate the highest common factor of 5996063 and 57491.
191
Calculate the greatest common divisor of 45649361 and 1363.
47
What is the highest common divisor of 36403938 and 12?
6
What is the greatest common factor of 26458730 and 1160?
290
What is the greatest common divisor of 775 and 30765578?
31
Calculate the greatest common factor of 14719 and 123137.
359
Calculate the greatest common factor of 1512 and 1648056.
24
Calculate the highest common factor of 67580 and 5820.
20
Calculate the greatest common divisor of 315 and 412895.
35
What is the highest common factor of 11280 and 1822848?
2256
What is the highest common divisor of 2101771 and 110775?
1477
Calculate the greatest common factor of 8 and 6282296.
8
What is the highest common divisor of 14941303 and 3367?
481
Calculate the greatest common divisor of 28 and 760781.
7
Calculate the greatest common divisor of 16165127 and 11.
11
Calculate the highest common divisor of 1291813 and 68.
17
What is the greatest common divisor of 1067728 and 48?
16
Calculate the highest common divisor of 52371724 and 4.
4
What is the highest common divisor of 537617 and 270724?
1277
What is the highest common divisor of 91 and 4660175?
13
Calculate the greatest common factor of 1573985 and 55265.
35
What is the highest common divisor of 3341 and 3206332?
257
What is the greatest common divisor of 62 and 35343441?
31
Calculate the highest common divisor of 1889875760 and 80.
80
Calculate the highest common divisor of 6919 and 2909771.
17
Calculate the highest common factor of 587148 and 7119.
339
Calculate the greatest common factor of 16142 and 10528.
14
Calculate the greatest common factor of 33417 and 1909469.
47
What is the greatest common factor of 248615 and 7885?
95
Calculate the highest common factor of 1120924 and 140973.
343
What is the greatest common factor of 12749 and 451687?
19
Calculate the highest common divisor of 9933 and 1046661.
231
What is the highest common factor of 6413 and 449999?
121
Calculate the highest common factor of 10 and 117818890.
10
Calculate the highest common factor of 153 and 85255561.
17
What is the highest common divisor of 907 and 31472?
1
What is the greatest common factor of 196146810 and 56080?
7010
What is the greatest common divisor of 323894268 and 9?
9
Calculate the greatest common divisor of 102101220 and 2340.
2340
Calculate the greatest common factor of 306458 and 8.
2
What is the highest common divisor of 132160 and 22764?
28
What is the greatest common factor of 439 and 449189629?
439
What is the greatest common divisor of 2368 and 2129313?
37
What is the highest common divisor of 395298751 and 89?
89
What is the greatest common factor of 36608 and 1035892?
572
Calculate the greatest common factor of 140 and 78725270.
10
What is the greatest common divisor of 24865661 and 19?
19
Calculate the greatest common factor of 42 and 90479361.
21
What is the greatest common factor of 29 and 183324225?
29
What is the greatest common divisor of 2329 and 588829?
17
What is the greatest common divisor of 130106199 and 141?
141
Calculate the highest common divisor of 1243284 and 14658.
42
What is the greatest common divisor of 13504 and 1237937?
211
Calculate the highest common factor of 34 and 38550764.
34
Calculate the greatest common divisor of 738 and 140861691.
369
Calculate the greatest common factor of 3588472 and 8.
8
What is the highest common divisor of 24 and 1097984?
8
Calculate the greatest common divisor of 24842982 and 35586.
3954
Calculate the greatest common divisor of 24042777 and 15895.
3179
What is the greatest common factor of 49 and 2839445?
7
Calculate the greatest common divisor of 4388172 and 48.
12
What is the greatest common divisor of 150699 and 142020?
789
What is the greatest common factor of 55608648 and 14598?
4866
Calculate the greatest common factor of 43 and 18564433.
43
What is the greatest common factor of 29512 and 64155756?
476
What is the highest common factor of 29722 and 11913?
11
Calculate the greatest common divisor of 61846 and 739798.
214
Calculate the greatest common divisor of 3519 and 1789929.
207
Calculate the greatest common fa